) + -12 + (1 - 0) + -7?
-3
8 - (-2 - -2) - (216 - 206)
-2
What is the value of 1 + 22 + -693 + 644?
-26
Calculate (-10 - -16) + -3 + -7 + -4 + 14.
6
(2 + -5 - 0) + 2
-1
-5 + (-20 - (-3 - 7))
-15
(-42 - -37) + -38 + 26
-17
What is the value of -14 - (-17 + 11) - (-20 - 2)?
14
What is (-12 - -7) + 3 + (1 - (3 - -17))?
-21
31 - (-10 + 9 + 13 - -5)
14
What is the value of -8 + 16 + -7 - (-23 + 22)?
2
Calculate 8 + (1 + 8 - 7) - 0.
10
Evaluate -797 + 789 + (0 + 1 - (-2 - 14)).
9
What is -8 + 9 + 37 + -16?
22
-6 + (3 - (-4 + 1) - -6) + -4
2
What is 1 + (-6 - -3) - (-14 - (2 - 22))?
-8
What is the value of (-13 - -14) + -4 - -7?
4
17 - (-9 - -44) - -23
5
What is the value of -9 + 2 - -9 - (1 + (-1 - 3))?
5
-2 - ((11 - 4) + -13)
4
Evaluate (-7 - (-2 + 0)) + 4 + 29 + -23.
5
What is the value of (198 - 162) + -26 + 1?
11
-7 + (-16 - -12) + 9 + -16 + 5
-13
Evaluate (67 - 62) + (3 - (-2 - -1)) + 0.
9
What is the value of 45 - 1 - (-3 + (-22 - -36)) - 11?
22
Calculate 11 + (-7 - (3 + 8)) - -22.
15
Evaluate ((4 - 3) + -5 - -5) + -20 + -15.
-34
Calculate 6 + (11 - 6 - 13).
-2
-4 + 2 + 3 - (-8 + 3)
6
Evaluate 5 + (3 - (-4 + 2) - 7) + 6.
9
Calculate -17 - (34 + -31 + -17).
-3
What is the value of 6 + -2 + -4 - 8 - -5?
-3
What is the value of 8 + (9 - ((17 - 7) + -8) - 2)?
13
What is the value of -1 + (-16 - -13) - (-8 - -15)?
-11
What is 26 + -18 - (3 + -9)?
14
What is the value of -326 + 308 - (-15 - -2)?
-5
Evaluate -1 - -26 - (1157 + -1151).
19
-100 + 102 + (1 - -9)
12
Evaluate (5 - 1) + 9 + 21 + -50.
-16
Evaluate 1 + -3 + -1 + -4 + 0 + 8.
1
Evaluate -9 + (-9 - -3) + 0 + 7.
-8
What is the value of (-12 + -1 - -6 - -26) + -5?
14
What is the value of -5 - (9 + -16) - (2 - (-1 + 10))?
9
What is the value of (16 - 13) + (9 + -9 - -9)?
12
-6 - 3 - -3 - (-13 - -3)
4
Calculate -1 + 22 + -13 - (11 - -1) - 1.
-5
Evaluate -5 - (15 - (-5 - -29)) - (8 - -2).
-6
Evaluate -8 - (6 + 11 + -44).
19
What is the value of (2 - 0 - (1 + -16 - 0)) + 2?
19
Evaluate 12 + ((-8 - 10) + 6 - -10).
10
What is 3 + -29 + (32 - 9)?
-3
What is 3 - (3 - 1) - 3 - (861 + -877)?
14
Evaluate -1 - 43 - (13 + -41).
-16
-151 + 162 - (0 - -13)
-2
Evaluate 10 + 7 + -5 + -2 + 13.
23
Evaluate 21 + -19 + -1 + (8 - 1) + 4.
12
(-22 - 1) + (162 - 160)
-21
What is the value of (9 - (-10 - -20)) + -6?
-7
38 + -108 - (-30 + -17)
-23
What is 7 + (60 - 57) - (27 - -1)?
-18
Evaluate (-4 - 2) + (-2 - 26) + 23.
-11
What is the value of -8 - -14 - (-1 - (-9 + 5 + 0))?
3
Calculate 63 + -49 + (0 - 9).
5
(-8 - ((1 - 20) + 8)) + -9
-6
Evaluate -27 - (0 - 5 - 38).
16
Calculate 6 + -3 + 1 - (-61 - -61).
4
What is -3 + ((20 - 6) + 26 - 19)?
18
Calculate -1 - (19 + -27 - (-23 + 2)).
-14
-5 + 13 + 7 + -1 + 5
19
Calculate (2 + -7 - 29) + 35.
1
What is 7 + 0 + 0 - (-31 + 30) - -4?
12
Calculate -6 + (-3 - 1) - (4 + -9 + 3).
-8
What is (21 - 25) + -3 + -1 - -1?
-7
1 - 0 - (21 + (12 + 10 - 34))
-8
Calculate (-9 + (-6 - -8) - -8) + -2 + 7.
6
-9 + 3 + (7 - (7 - 5)) + 1
0
What is the value of -65 + 59 - (3 - (9 + -2) - 0)?
-2
Evaluate (70 - 28) + -30 + (2 - (-1 - 0)).
15
Calculate (0 - 9) + (-4 - (0 - 3)).
-10
5 + -27 - (-10 - (0 - 7))
-19
-30 + (9 - -13) + -13
-21
-241 + 244 + (12 - 0) + -5
10
-4 - 4 - (-1 - 1) - (-3 + -9)
6
What is (18 - (-17 - -68)) + 15?
-18
What is the value of -9 + 27 + -11 + 0?
7
Evaluate -203 - -204 - (-10 - (0 + 0)).
11
What is 8 - ((-15 - (-5 + 3)) + 38)?
-17
What is the value of -2 + (1 - -2) + 8 + (-120 - -83)?
-28
What is the value of (14 - 12) + 0 + -42 + (-118 - -125)?
-33
What is the value of -4 - (72 + -70 + 0 + -3 + 2)?
-5
What is the value of -3 + -11 + (-316 - -297)?
-33
-31 + -13 + 27 + 1
-16
Calculate (7 - -2) + (-13 - -5) + -1 + -22.
-22
What is the value of -3 + 9 + 1 + (-3 - -4)?
8
Evaluate (7 - 4) + (-9 - 0) + 19.
13
What is 6 + (32 - 37) + (0 - 5) + 2?
-2
Evaluate 15 - (-8 + (-17 - -28)).
12
Evaluate 36 - 8 - (1 + -1 - (-46 - -44)).
26
Evaluate -5 - 25 - -17 - (9 - (2 + 1)).
-19
What is -1 - (7 + 2 - 13) - -6?
9
Calculate (-14 + -24 - (3 - -2 - 8)) + 8.
-27
Evaluate (-8 - -12) + -4 + 7 + 11 + 17.
35
Calculate 4 + (-2 - -3) + (-17 - (-18 + 3)).
3
Calculate (4 - (-36 + 25)) + -31.
-16
41 + -26 + -10 + -3 + 9
11
-12 - (22 + -12) - -39
17
Calculate (-4 - -9) + -17 - -33.
21
Evaluate (2 - 1 - (25 + -31)) + (-2 - 7).
-2
What is -18 + 0 + -35 + 39 + 7?
-7
Calculate 15 + -5 + -2 - -2 - 2.
8
What is -13 - (7 - (-7 + 39))?
12
What is (-19 - 24) + 3 + 27?
-13
Calculate -2 - (1 + -15) - (-79 + 91).
0
-9 + (-15 - (-2 - 4)) + 14
-4
What is the value of 64 + (20 - 88) - (-1 - (1 + 15))?
13
What is -2 + (68 - 77) + (1 - 7) + 7?
-10
Calculate -13 + -1 + (20 - (24 - 25) - 28).
-21
What is -28 + -1 + 5 + 9 + -13?
-28
What is -32 + 10 - (-1 + -10)?
-11
Evaluate -3 - (-37 + (-13 - -12) + 13).
22
((1 - -3) + -9 - 5) + (-65 - -53)
-22
Evaluate -1402 + 1358 + 1 + 10.
-33
What is (-14 - (-32 - (3 - 16))) + -12?
-7
What is 4 - ((13 - 3) + (-1 - 7) + 4)?
-2
What is (14 - 28) + 33 - (9 + -1)?
11
What is the value of (5 + 27 + -14 - (0 - -1)) + -5?
12
What is the value of -156 - -178 - (-7 + -4)?
33
Evaluate (0 - 1) + 227 + -242 + (2 - -16).
2
What is 3 + 6 + 1 + -3 + -3 + -8?
-4
-16 - (-74 + 70 + 0 + 5)
-17
What is the value of 14 - ((17 - -20) + -11 + 4)?
-16
What is the value of -17 - (6 + (5 + 1 - 17))?
-12
-34 + (45 + -27 - -20)
4
51 + -23 - (16 + -3 + -7 - 5)
27
What is -15 - 1 - (69 + -119 - -48)?
-14
(12 - 5) + 8 - 21
-6
2 + (2 - -5) + (2 - (1 - -9))
1
Calculate -15 - (-16 + -4) - (1 + -1).
5
Calculate 16 + 14 + (5 - 7 - 10).
18
What is 14 + -20 + (9 - 1)?
2
What is 14 + -34 + 8 + -2 + -2?
-16
What is the value of (0 + -11 - -18) + -14?
-7
What is the value of (-10 - -7) + 12 + 4?
13
What is 17 + (-10 - 26) + 18?
-1
What is the value of ((-12 - -16) + 15 - 0) + -3?
16
What is the value of 14 - ((8 + -5 - -11) + -1 + -7)?
8
What is the value of 20 - (3 + (8 - -5) + -21)?
25
Evaluate 14 + (32 - 55 - -28).
19
Evaluate 0 - 4 - -10 - -1.
7
What is 8 + (23 - 31 - -4)?
4
Evaluate (-152 - -181) + -14 + -1 + 10.
24
-8 - (1 + -2 - 8 - -8)
-7
Calculate (-30 - -3) + -25 + 56.
4
Evaluate 10 + -12 + (7 - 6).
-1
What is the value of 5 + (-23 - -11) + 5 + 1 + -1?
-2
Evaluate 2 + -14 + -9 + 15 + 12 - 0.
6
Calculate -77 + 69 + (4 - -7).
3
1 + -10 - (25 - -13 - 30)
-17
What is the value of 302 + -315 - (-5 + 1)?
-9
Calculate 11 - 28 - (7 - (5 + 3)).
-16
Evaluate -3 + -7 + (7 - 15) + 13.
-5
What is (0 - (8 + -1 + -12 - -2)) + 9?
12
Calculate 4 - (0 + 8 + -20 - -20 - -4).
-8
Evaluate 17 - (7 + 21 - 8).
-3
Calculate -3 - (23 - 8 - 32).
14
What is the value of 7 - (10 + -9 + 2) - -3?
7
Evaluate 11 - (-11 - -15) - (0 - 13).
20
What is the value of 0 + 3 - (-77 - -97)?
-17
1 + (-3 - -2) - (57 - 59)
2
What is the value of 8 + (-34 - -17) + 12?
3
Calculate -14 - -4 - (-5 + -2) - (-15 + 1).
11
(2 - -2) + (0 - -4) - (9 - 9)
8
What is the value of -2 + 0 - (14 + (-19 - -4) + 15)?
-16
Evaluate -3 + -11 + 35 - (15 - 7).
13
(-18 - (3 + -2)) + 14
-5
Calculate (-8 + 12 - 2) + -12.
-10
Evaluate 8 - ((3 - (6 + -5)) + -3).
9
Evaluate -14 - (-11 - -9) - -14.
2
Calculate -6 + -5 - (27 + -20 + (-1 - 15)).
-2
Calculate (-9 - -20 - 0) + 10 + -18 + -11.
-8
Calculate -17 + (2 - -1 - 1 - -7).
-8
What is the value of 3 + (5 + 1 - 5) + -2 + 5?
7
What is the value of 4 + (-2 - (-2 + (5 - (2 + 6))))?
7
What is -4 - (-2 + -1 + 10 - (-51 - -69))?
7
Calculate (-37 - 32) + 39 + 44.
14
Calculate 73 + -47 + -44 + -6.
-24
(-137 - -115) + 3 + 18
-1
Calculate 187 + -173 - ((0 - 0) + 4).
10
Calculate -26 - (-7 + -19 + 14).
-14
Evaluate (13 + 65 - 47) + -46.
-15
Evaluate (-9 - (-13 - -15) - (-1 + -3)) + -3.
-10
What is -6 - 0 - (35 - 72 - -32)?
-1
-2 - -50 - (121 + -78)
5
Calculate -38 + 9 + -14 + 25 + (6 - 1).
-13
What is the value of -20 - (-22 + 13) - (-9 + -10)?
8
What is (-7 - -7 - 6) + 12 - -14?
20
What is the value of -11 - (-141 + 149 - (29 - 1))?
9
What is the value of -1 + (1 - -10 - 8 - 5 - -4)?
1
What is 4 - (13 - -6 - 11 - -2)?
-6
What is the value of 27 + (-2 - (-2 + 0 + 4 - 1))?
24
Evaluate (15 - 16) + -4 + 3 + -2.
-4
What is 12 + (1 - (8 + -13) - 25)?
-7
Evaluate -3 + 10 - (2 + 23 + -3).
-15
What is -9 + 16 + (20 - -3) + -9 + 0?
21
-2 + (2 - -27) - (-19 + (120 - 92))
18
Evaluate (-358 - -359) + (-22 - (0 + -1)) + 1.
-19
What is 5 + (-1 + -54 - (-7